
2
Let y(o) = -o**2 + 10*o + 11. Let l be y(11). Suppose l = -2*s + 18 + 8. Calculate the greatest common factor of s and 104.
13
Suppose 8*b + 321 = 465. Calculate the highest common divisor of b and 156.
6
Let o be 26/6 + (-2)/6. Suppose -11 = -o*q + 2*g + 3*g, g = 2*q - 13. What is the greatest common factor of 3 and q?
3
Let i(m) = 4*m + 1. Let o be i(11). Suppose 0 = -x - 0*x - u + o, -5*x + 3*u = -185. Let j = 145 - x. Calculate the greatest common divisor of 15 and j.
15
Let w(k) = k**2 + 2*k - 7. Let c be w(-4). Let b = 4 + 5. What is the highest common divisor of c and b?
1
Suppose 0 = -4*u - 5*o + 285, -19*u + 14*u + 3*o + 347 = 0. What is the greatest common divisor of u and 40?
10
Suppose 0 = 3*a - 6*a - 3. Let d be 18/6*(a - -14). Let m be (-13)/2*(-2)/1. What is the greatest common factor of m and d?
13
Let i be 3/((-1)/4 + (-324)/(-1008)). Let o be 64/(-12)*126/(-4). What is the highest common factor of i and o?
42
Let x be 340/(-24)*-3*6/5. Calculate the highest common factor of x and 34.
17
Let d = -131 + 185. Let b(m) = m**3 + 9*m**2 + 14*m + 3. Let i be b(-6). What is the greatest common divisor of i and d?
27
Let q = 27 + -17. Suppose 0*a - 10 = -2*a - 2*s, -2*a + 5 = s. Suppose j - 5 = -2*m, a = -2*m + 5*j - 5 + 4. What is the highest common divisor of m and q?
2
Let a(k) = 4*k + 4. Let b be a(2). Suppose 0 = 3*n - 2*n - 3*l - 333, 3*n + 2*l - 1054 = 0. Calculate the greatest common factor of b and n.
12
Let q = 548 + -539. What is the highest common divisor of q and 2?
1
Let v = 186 + -398. Let t = v + 366. What is the greatest common factor of t and 14?
14
Let b be (-80)/((-14)/(-63)*-3). Calculate the highest common factor of 105 and b.
15
Let w be 28/(-98) - (-3)/((-63)/(-5718)). Calculate the highest common divisor of w and 16.
16
Suppose 8*m - 5*w - 108 = 4*m, 5*m - 135 = -4*w. Calculate the highest common divisor of 3 and m.
3
Let c be 3 + (4 - 1) - 3. Let y(h) = -3*h**2 + 0*h**3 + c - h + 3*h**2 + h**3. Let f be y(0). What is the highest common divisor of 9 and f?
3
Let f(z) = 2*z**3 - 4*z**2 + 18*z - 33. Let q be f(3). What is the highest common factor of 416 and q?
13
Let g(l) = 0*l**2 + 280 + 3*l**2 - 2*l + 2*l**2 - 4*l**2. Let f be g(0). Calculate the highest common divisor of 28 and f.
28
Suppose -17*f + 18*f + 1 = 0, 5*x - 23 = -2*f. Suppose 3*s - 71 = x*v + 14, -2*s + 20 = 4*v. Calculate the greatest common factor of s and 50.
10
Let a = 9 - 5. Suppose -5*d + 24 = 5*m - 136, -2*d - 4 = 0. Let x(s) = s**2 - 36*s + 100. Let b be x(m). What is the greatest common divisor of b and a?
4
Suppose u - 14 = -5*p, 3*p - u + 10 = 6*p. Let v(c) = 19*c**3 + 3*c**2 - 2*c. Let m be v(p). What is the highest common factor of m and 32?
32
Let h(y) = y**2 - 7. Let l be h(5). Suppose -43*q + 42*q + 19 = -2*x, 4*q = 2*x + 46. What is the highest common divisor of l and q?
9
Suppose g = 2*k - 756, -11*g + 14*g = -3*k + 1134. Calculate the greatest common divisor of 54 and k.
54
Suppose 0 = 5*l + 20, -5*l + 1444 + 31 = 5*n. Calculate the highest common factor of n and 13.
13
Suppose y + 2*y - 297 = 0. Let h(g) = g + 5. Let q be h(1). Let o be (4/q)/(4/54). Calculate the highest common factor of o and y.
9
Suppose -3*f - 30 = -0*f. Let c(m) = -5*m - 11. Let g be c(f). Let b be 13 + (5 - 3 - 2). What is the highest common factor of b and g?
13
Let p be 36/(-108) + (-31)/(-3). Calculate the greatest common divisor of p and 10.
10
Let m be 9/((-18)/(-28)) - 5. What is the highest common factor of m and 3?
3
Let f = -129 - -217. Suppose g + 11 = o, 5*o + 7*g - 6*g = 37. Calculate the highest common divisor of o and f.
8
Suppose -5 = -5*a + 5*m, 0*m + 4 = 2*m. Suppose -v + 8 = -a*h - 19, 80 = 4*v - 5*h. Calculate the highest common divisor of 5 and v.
5
Let a be (20 - 0)/(-1 + 2). Suppose -4*q - 2*j + 0 = -34, 0 = -q - 3*j + 11. Let x be 74/q - (-3)/4. What is the greatest common divisor of x and a?
10
Let p = 61 - 43. Let j = 69 - p. What is the highest common factor of j and 204?
51
Suppose 4*c + 24 = b + 1, 15 = b - 2*c. Let t be 2/b - (-500)/14. Let p(a) = a**2. Let u be p(2). Calculate the greatest common factor of u and t.
4
Let i(x) = -x**2 + 9*x + 14. Let f(u) = -u**2 + 10*u + 13. Let d(b) = 6*f(b) - 5*i(b). Let t be d(13). Calculate the highest common factor of 85 and t.
17
Suppose -47*x - 240 = -49*x. Suppose 2*i = t + 96, 4*i = 2*t - 4*t + 192. Calculate the highest common divisor of i and x.
24
Suppose 2*y - 604 = 30*z - 32*z, z = 5*y - 1480. What is the greatest common factor of y and 165?
33
Let w(m) = 123*m + 81*m - 230*m - 2*m**2. Let i be w(-9). Calculate the greatest common factor of 9 and i.
9
Let w(y) be the second derivative of 25*y**4/12 + y**3/3 + y**2/2 - 16*y. Let f be w(-1). What is the highest common factor of 18 and f?
6
Let m be (0 - 2) + 16 - (-2 - -1). Calculate the highest common factor of 255 and m.
15
Let l(p) = -15*p + 2. Let c be l(-5). Suppose 2*a = -8, -5*s + 4*s - 13 = 5*a. Calculate the greatest common divisor of c and s.
7
Suppose 2*s + s = -90. Let m be (s/(-35))/((-2)/(-140)). Suppose 4*w - z = 32 + 124, -w = 5*z - m. What is the highest common factor of 8 and w?
8
Let b(m) = -5*m**2 + 72*m - 22. Let l be b(14). What is the greatest common factor of l and 498?
6
Let k be 40337/114 - (-2)/12. What is the highest common factor of 12 and k?
6
Let z(u) = 12 + 4*u - 16*u - 7 + 7. Let q be z(-2). Suppose 48 = 4*y - 0*y. What is the greatest common factor of q and y?
12
Let c = 767 - 203. What is the highest common divisor of 12 and c?
12
Let j = 571 + -364. What is the highest common divisor of j and 483?
69
Let j(c) = c**2 - 10*c - 15. Let u be j(-2). What is the greatest common factor of 288 and u?
9
Let c be -316*1/(-2) - -2. Suppose 3*s + 106 - c = 0. Calculate the greatest common factor of s and 54.
18
Suppose 0 = 2*l, 0 = -0*f - f - 3*l + 2156. Suppose -10*b = -3*b - f. What is the highest common factor of 28 and b?
28
Let a(z) = -z**3 - 11*z**2 + 2*z + 10. Let p be a(-11). Let h = 12 - p. Calculate the highest common factor of 36 and h.
12
Let j(y) = -7*y - 11. Let v be j(-13). Let k = v - 59. What is the highest common divisor of 105 and k?
21
Let c be 37/1 + -1 - (20 + -23). Calculate the greatest common divisor of 104 and c.
13
Suppose -4*q + 83 = -441. Suppose -5*n + i + 2*i = q, 3*n - i + 81 = 0. Let a = n + 100. What is the highest common factor of 9 and a?
9
Let p = -343 - -388. Calculate the greatest common factor of 855 and p.
45
Suppose -5*w + 50 = 3*k, -30 - 16 = -2*k + 3*w. What is the greatest common divisor of k and 740?
20
Suppose -5*b = -3*g - 0*b + 980, -3*g - 5*b + 970 = 0. What is the highest common factor of g and 65?
65
Let k(p) = p**3 + 12*p**2 - 12*p + 7. Let u be k(-13). Let c be u/(-48) - (-2 + (-206)/16). What is the greatest common factor of 120 and c?
15
Suppose -4*j + 30 = j. Let f be (9 - 7) + 2*j. Let q = -146 + 258. What is the greatest common factor of f and q?
14
Suppose 6*u - 800 = -3176. Let s be 1 - (u/27 + (-4)/(-6)). What is the highest common factor of 120 and s?
15
Let k = -1 + -41. Let n = -27 - k. Calculate the highest common factor of 165 and n.
15
Suppose 0 = -o + 4*o + 4*t - 17, -4*t = 5*o - 23. Suppose -2*a - o*a = -285. Calculate the greatest common divisor of a and 19.
19
Suppose 3*j + i - 211 = -j, 4*j - 4*i = 236. Let f be (-2)/(-8) - j/(-8). Suppose f*s = 2*s + 55. What is the greatest common factor of s and 121?
11
Let a be (-10)/(-6) + (-9)/27*-229. What is the greatest common divisor of a and 6?
6
Let g = 52 + -28. Let j be (-147)/(-4) + (-18)/g. Calculate the greatest common divisor of j and 12.
12
Let c be (-61 + (4 - 3))/(3/(-4)). Let x(p) = -2*p**2 + 15*p - 2. Let j be x(6). What is the greatest common divisor of j and c?
16
Let f be (-628)/(-7) - 4/(-14). Suppose 27*d - 35 = 73. Suppose d*m = b + 140, 0 = -3*m + b - 4*b + f. Calculate the highest common factor of m and 17.
17
Suppose 5*v - 4*v = q - 5, -4*q + 5*v + 19 = 0. Let k = 31 - 13. Calculate the greatest common factor of k and q.
6
Let q(x) be the first derivative of x + 10/3*x**3 + 1/2*x**4 - 1/2*x**2 + 10. Let k be q(-5). What is the greatest common divisor of 24 and k?
6
Let t(y) = y**2 - 3*y - 2. Let p be t(-2). Suppose -1 = -b + p. Let z = 17 + b. Calculate the high